{"id":734,"date":"2018-07-26T10:49:22","date_gmt":"2018-07-26T13:49:22","guid":{"rendered":"https:\/\/sba246-ers.infd.edu.ar\/sitio\/?page_id=734"},"modified":"2023-10-26T21:04:23","modified_gmt":"2023-10-27T00:04:23","slug":"plan-de-estudio","status":"publish","type":"page","link":"https:\/\/sba246-ers.infd.edu.ar\/sitio\/catalogo\/plan-de-estudio\/","title":{"rendered":"Calendario Escolar 2023"},"content":{"rendered":"\n<h4 class=\"wp-block-heading\">Fechas destacadas del Calendario Escolar 2023<\/h4>\n\n\n\n<h6 class=\"wp-block-heading\"><strong>Educaci\u00f3n Superior<\/strong><\/h6>\n\n\n\n<ul>\n<li>9\/2: presentaci\u00f3n de equipos de gesti\u00f3n<\/li>\n\n\n\n<li>10\/2: presentaci\u00f3n de docentes<\/li>\n\n\n\n<li>10\/2 al 31\/3: matriculaci\u00f3n de estudiantes en SAGE<\/li>\n\n\n\n<li>16\/2 al 8\/3: mesas evaluadoras ordinarias<\/li>\n\n\n\n<li>10\/3: finalizaci\u00f3n a\u00f1o acad\u00e9mico 2022<\/li>\n\n\n\n<li>13\/3: inicio a\u00f1o acad\u00e9mico 2023<\/li>\n\n\n\n<li>8 al 31\/3: ciclo introductorio para ingresantes<\/li>\n\n\n\n<li>20\/3: inicio del primer cuatrimestre (estudiantes de 2\u00ba a\u00f1o en adelante)<\/li>\n\n\n\n<li>3\/4: inicio del primer cuatrimestre (estudiantes de 1\u00ba a\u00f1o)<\/li>\n\n\n\n<li>22 al 29\/5: mesas evaluadoras extraordinarias<\/li>\n\n\n\n<li>7\/7: finalizaci\u00f3n primer cuatrimestre<\/li>\n\n\n\n<li>24\/7 al 11\/8: mesas evaluadoras ordinarias<\/li>\n\n\n\n<li>14\/8: inicio segundo cuatrimestre<\/li>\n\n\n\n<li>1 al 15\/9: inscripci\u00f3n al Registro Provincial de Evaluadores<\/li>\n\n\n\n<li>11 al 15\/9: mesas evaluadoras extraordinarias<\/li>\n\n\n\n<li>24\/11: finalizaci\u00f3n del segundo cuatrimestre<\/li>\n\n\n\n<li>27\/11 al 22\/12: mesas evaluadoras ordinarias\n<ul><\/ul>\n<\/li>\n<\/ul>\n\n\n\n<hr class=\"wp-block-separator has-alpha-channel-opacity\"\/>\n\n\n\n<h4 class=\"has-text-align-center wp-block-heading\">A Continuaci\u00f3n dejamos la resoluci\u00f3n completa<\/h4>\n\n\n\n<div class=\"wp-block-file\"><object class=\"wp-block-file__embed\" data=\"https:\/\/sba246-ers.infd.edu.ar\/sitio\/wp-content\/uploads\/2023\/10\/4950-22-CGE-CALENDARIO-ESCOLAR-2023.pdf\" type=\"application\/pdf\" style=\"width:100%;height:600px\" aria-label=\"Incrustado de 4950-22-CGE-CALENDARIO-ESCOLAR-2023.\"><\/object><a id=\"wp-block-file--media-ce1ae5b8-40e1-4663-84f1-0eef6c387fff\" href=\"https:\/\/sba246-ers.infd.edu.ar\/sitio\/wp-content\/uploads\/2023\/10\/4950-22-CGE-CALENDARIO-ESCOLAR-2023.pdf\">4950-22-CGE-CALENDARIO-ESCOLAR-2023<\/a><a href=\"https:\/\/sba246-ers.infd.edu.ar\/sitio\/wp-content\/uploads\/2023\/10\/4950-22-CGE-CALENDARIO-ESCOLAR-2023.pdf\" class=\"wp-block-file__button wp-element-button\" download aria-describedby=\"wp-block-file--media-ce1ae5b8-40e1-4663-84f1-0eef6c387fff\">Descarga<\/a><\/div>\n\n\n\n<ul><\/ul>\n\n\n\n<h4 class=\"wp-block-heading\">&nbsp;<\/h4>\n\n\n\n<h4 class=\"wp-block-heading\">\u00a0<\/h4>\n","protected":false},"excerpt":{"rendered":"<p>Fechas destacadas del Calendario Escolar 2023 Educaci\u00f3n Superior A Continuaci\u00f3n dejamos la resoluci\u00f3n completa &nbsp; \u00a0<\/p>\n","protected":false},"author":6,"featured_media":0,"parent":644,"menu_order":0,"comment_status":"closed","ping_status":"closed","template":"","meta":[],"acf":[],"_links":{"self":[{"href":"https:\/\/sba246-ers.infd.edu.ar\/sitio\/wp-json\/wp\/v2\/pages\/734"}],"collection":[{"href":"https:\/\/sba246-ers.infd.edu.ar\/sitio\/wp-json\/wp\/v2\/pages"}],"about":[{"href":"https:\/\/sba246-ers.infd.edu.ar\/sitio\/wp-json\/wp\/v2\/types\/page"}],"author":[{"embeddable":true,"href":"https:\/\/sba246-ers.infd.edu.ar\/sitio\/wp-json\/wp\/v2\/users\/6"}],"replies":[{"embeddable":true,"href":"https:\/\/sba246-ers.infd.edu.ar\/sitio\/wp-json\/wp\/v2\/comments?post=734"}],"version-history":[{"count":9,"href":"https:\/\/sba246-ers.infd.edu.ar\/sitio\/wp-json\/wp\/v2\/pages\/734\/revisions"}],"predecessor-version":[{"id":836,"href":"https:\/\/sba246-ers.infd.edu.ar\/sitio\/wp-json\/wp\/v2\/pages\/734\/revisions\/836"}],"up":[{"embeddable":true,"href":"https:\/\/sba246-ers.infd.edu.ar\/sitio\/wp-json\/wp\/v2\/pages\/644"}],"wp:attachment":[{"href":"https:\/\/sba246-ers.infd.edu.ar\/sitio\/wp-json\/wp\/v2\/media?parent=734"}],"curies":[{"name":"wp","href":"https:\/\/api.w.org\/{rel}","templated":true}]}}